{"id":223,"date":"2022-11-29T16:43:28","date_gmt":"2022-11-29T16:43:28","guid":{"rendered":"https:\/\/factubella.laesquinacreativa.es\/?post_type=product&#038;p=223"},"modified":"2023-05-06T13:00:00","modified_gmt":"2023-05-06T13:00:00","slug":"crema-facial-lasergen-100-ml-3-33-fl-oz","status":"publish","type":"product","link":"https:\/\/pos.idbella.com\/index.php\/product\/crema-facial-lasergen-100-ml-3-33-fl-oz\/","title":{"rendered":"Crema facial Lasergen 100 ml (3.33 fl.oz.)"},"content":{"rendered":"<p><!--more--><\/p>\n<h1 class=\"product_title entry-title\">Composici\u00f3n:<\/h1>\n<p>La crema creada para reparar pieles da\u00f1adas en casos tan complicados como personas que han recibido tratamiento l\u00e1ser o sufren los efectos secundarios de la quimioterapia. Con alta concentraci\u00f3n de nuestro activo, ahora presentada como tratamiento antiedad y regenerador.<\/p>\n<ul>\n<li><strong>Active Hyaluronan (Gold Thioethylamino Hyaluronic Acid)<\/strong>:\u00a0<u>Alta concentraci\u00f3n<\/u>. La ciencia m\u00e9dica m\u00e1s avanzada hace posible un ingrediente revolucionario para regenerar el interior de la piel.<\/li>\n<li><strong>Aloe vera: <\/strong>Repara, hidrata, protege y nutre la piel.<\/li>\n<li><strong>Manteca de Karit\u00e9: <\/strong>Hidrataci\u00f3n profunda.<\/li>\n<\/ul>\n<p>Lo que no lleva es casi tan importante como lo que lleva.<\/p>\n<ul>\n<li><strong>No a conservantes agresivos<\/strong>. Utilizamos conservantes de grado alimentario. Los de mayor calidad.<\/li>\n<li><strong>No a perfumes con alergenos<\/strong>. En nuestros ingredientes no ver\u00e1s t\u00e9rminos como &#8220;Linalol, Geraniol, Limonene,&#8230;&#8221;. Son alergenos procedentes de los extractos naturales que se usan para hacer perfumes. As\u00ed protegemos tu piel de reacciones al\u00e9rgicas.<\/li>\n<li><strong>No<\/strong>\u00a0a colorantes, alcoholes irritantes, sulfatos, formaldeidos, fenoles ni cualquier sustancia perjudicial para tu piel.<\/li>\n<\/ul>\n<p><strong>Ingredientes<\/strong>:<\/p>\n<p>Aqua, aloe barbadensis leaf juice, gold thioethylamino hyaluronic acid, cetearyl alcohol, coco caprylate\/caprate, octyldodecanol, butyrospermum parkii butter, glycerin, cetearyl glucoside, glyceryl stearate, parfum, caprylyl glycol, xanthan gum, sodium benzoate, dipropylene glycol, disodium edta, glyceryl caprylate, potassium sorbate.<\/p>\n<p><strong>Cuidamos del planeta.<\/strong><\/p>\n<p>Concentramos nuestras innovaciones en el m\u00ednimo de productos para que tengas lo m\u00e1ximo con lo m\u00ednimo. Mejor para ti porque inviertes menos y tienes una rutina m\u00e1s c\u00f3moda. Mejor para el planeta porque no hay producto m\u00e1s insostenible que el que no es necesario.<br \/>\nTodos nuestros envases son de vidrio 100% reciclable. Nuestro <em>packaging<\/em> est\u00e1 hecho con papel 100% reciclado y 100% reciclable (no lo plastificamos).<\/p>\n<p><!--more--><\/p>\n<h1 class=\"product_title entry-title\">C\u00f3mo usarlo:<\/h1>\n<div id=\"r-1629888406340\" class=\"gf_row gf_row-gap-10\" data-label=\"Row\" data-key=\"row\" data-icon=\"gpicon-row\" data-id=\"1629888406340\" data-extraclass=\"\" data-row-gap=\"10px\">\n<div id=\"c-1610283661626\" class=\"gf_column gf_col-lg-11 gf_col-xs-11 gf_col-md-11 gf_col-sm-11\" data-id=\"1610283661626\">\n<div id=\"e-1629888406324\" class=\"element-wrap\" data-label=\"Text Block\" data-key=\"text-block\" data-icon=\"gpicon-textblock\" data-ver=\"1\" data-id=\"1629888406324\">\n<div class=\"elm text-edit gf-elm-left gf-elm-left-lg gf-elm-left-md gf-elm-left-sm gf-elm-left-xs\" data-gemlang=\"en\" data-exc=\"\">\n<p>Sin limpieza no hay belleza. Higieniza correctamente la zona a tratar antes de aplicar la crema. Elimina el maquillaje con una leche y aplica una mousse o t\u00f3nico a continuaci\u00f3n.<\/p>\n<\/div>\n<\/div>\n<\/div>\n<\/div>\n<div id=\"r-1629888406328\" class=\"gf_row gf_row-gap-10\" data-label=\"Row\" data-key=\"row\" data-icon=\"gpicon-row\" data-id=\"1629888406328\" data-extraclass=\"\" data-row-gap=\"10px\">\n<div id=\"c-1610283661626\" class=\"gf_column gf_col-lg-11 gf_col-xs-11 gf_col-md-11 gf_col-sm-11\" data-id=\"1610283661626\">\n<div id=\"e-1629888406260\" class=\"element-wrap\" data-label=\"Text Block\" data-key=\"text-block\" data-icon=\"gpicon-textblock\" data-ver=\"1\" data-id=\"1629888406260\">\n<div class=\"elm text-edit gf-elm-left gf-elm-left-lg gf-elm-left-md gf-elm-left-sm gf-elm-left-xs\" data-gemlang=\"en\" data-exc=\"\">\n<p>Aplica la crema mediante un en\u00e9rgico masaje hasta su completa absorci\u00f3n por todo el rostro:<\/p>\n<ul>\n<li>frente,<\/li>\n<li>mejillas,<\/li>\n<li>nariz,<\/li>\n<li>surco nasogeniano,<\/li>\n<li>barbilla y<\/li>\n<li>ment\u00f3n.<\/li>\n<\/ul>\n<p>Para potenciar el efecto, usa el Serum antes. Conseguir\u00e1s acelerar y aumentar la eficacia.<\/p>\n<\/div>\n<\/div>\n<\/div>\n<\/div>\n<div id=\"r-1629888406364\" class=\"gf_row gf_row-gap-10\" data-label=\"Row\" data-key=\"row\" data-icon=\"gpicon-row\" data-id=\"1629888406364\" data-extraclass=\"\" data-row-gap=\"10px\">\n<div id=\"c-1610283661626\" class=\"gf_column gf_col-lg-11 gf_col-xs-11 gf_col-md-11 gf_col-sm-11\" data-id=\"1610283661626\">\n<div id=\"e-1629888406330\" class=\"element-wrap\" data-label=\"Text Block\" data-key=\"text-block\" data-icon=\"gpicon-textblock\" data-ver=\"1\" data-id=\"1629888406330\">\n<div class=\"elm text-edit gf-elm-left gf-elm-left-lg gf-elm-left-md gf-elm-left-sm gf-elm-left-xs\" data-gemlang=\"en\" data-exc=\"\">\n<p><strong>Aplica la crema una o dos veces al d\u00eda<\/strong>. S\u00e9 constante. Empezar\u00e1s a ver efectos en hidrataci\u00f3n y luminosidad a los pocos d\u00edas. En un mes ya ver\u00e1s cambios evidentes en los signos de la edad.<\/p>\n<\/div>\n<\/div>\n<\/div>\n<\/div>\n<div id=\"r-1629888406303\" class=\"gf_row gf_row-gap-10\" data-label=\"Row\" data-key=\"row\" data-icon=\"gpicon-row\" data-id=\"1629888406303\" data-extraclass=\"\" data-row-gap=\"10px\">\n<div id=\"c-1610283661626\" class=\"gf_column gf_col-lg-11 gf_col-xs-11 gf_col-md-11 gf_col-sm-11\" data-id=\"1610283661626\">\n<div id=\"e-1629888406219\" class=\"element-wrap\" data-label=\"Text Block\" data-key=\"text-block\" data-icon=\"gpicon-textblock\" data-ver=\"1\" data-id=\"1629888406219\">\n<div class=\"elm text-edit gf-elm-left gf-elm-left-lg gf-elm-left-md gf-elm-left-sm gf-elm-left-xs\" data-gemlang=\"en\" data-exc=\"\">\n<p><strong>Ideal como tratamiento de noche porque no lleva SPF.\u00a0<\/strong>S\u00e9 constante. Empezar\u00e1s a ver efectos en hidrataci\u00f3n y nutrici\u00f3n inmediatamente. En un mes\u00a0 ver\u00e1s cambios evidentes en arrugas, firmeza y volumen.<\/p>\n<\/div>\n<\/div>\n<\/div>\n<\/div>\n<div id=\"r-1629888406288\" class=\"gf_row gf_row-gap-10\" data-label=\"Row\" data-key=\"row\" data-icon=\"gpicon-row\" data-id=\"1629888406288\" data-extraclass=\"\" data-row-gap=\"10px\">\n<div id=\"c-1610283661626\" class=\"gf_column gf_col-lg-11 gf_col-xs-11 gf_col-md-11 gf_col-sm-11\" data-id=\"1610283661626\">\n<div id=\"e-1629888406351\" class=\"element-wrap\" data-label=\"Text Block\" data-key=\"text-block\" data-icon=\"gpicon-textblock\" data-ver=\"1\" data-id=\"1629888406351\">\n<div class=\"elm text-edit gf-elm-left gf-elm-left-lg gf-elm-left-md gf-elm-left-sm gf-elm-left-xs\" data-gemlang=\"en\" data-exc=\"\">\n<p><strong>Puedes combinarlo con cualquier producto cosm\u00e9tico<\/strong>. La crema se absorbe muy r\u00e1pido y puedes aplicar maquillaje inmediatamente despu\u00e9s.<\/p>\n<\/div>\n<\/div>\n<\/div>\n<\/div>\n<p><!--more--><\/p>\n<h1 class=\"product_title entry-title\">M\u00e9dicos y profesionales certifican:<\/h1>\n<div id=\"r-1629888406340\" class=\"gf_row gf_row-gap-10\" data-label=\"Row\" data-key=\"row\" data-icon=\"gpicon-row\" data-id=\"1629888406340\" data-extraclass=\"\" data-row-gap=\"10px\">\n<div id=\"c-1610283661626\" class=\"gf_column gf_col-lg-11 gf_col-xs-11 gf_col-md-11 gf_col-sm-11\" data-id=\"1610283661626\">\n<div id=\"e-1629888406324\" class=\"element-wrap\" data-label=\"Text Block\" data-key=\"text-block\" data-icon=\"gpicon-textblock\" data-ver=\"1\" data-id=\"1629888406324\">\n<div class=\"elm text-edit gf-elm-left gf-elm-left-lg gf-elm-left-md gf-elm-left-sm gf-elm-left-xs\" data-gemlang=\"en\" data-exc=\"\">\n<div id=\"c-1610041983305\" class=\"gf_column gf_col-lg-6 gf_col-md-6 gf_col-xs-12 gf_col-sm-12\" data-id=\"1610041983305\">\n<div id=\"e-1610045578506\" class=\"element-wrap\" data-label=\"Text Block\" data-key=\"text-block\" data-icon=\"gpicon-textblock\" data-ver=\"1\" data-id=\"1610045578506\">\n<div class=\"elm text-edit gf-elm-left gf-elm-left-md gf-elm-left-sm gf-elm-left-xs gf-elm-left-lg\" data-gemlang=\"en\" data-exc=\"\">\n<p>Los m\u00e9dicos y profesionales est\u00e9ticos son los m\u00e1s exigentes con la calidad de los productos y quienes mejor conocen las necesidades de tu piel. La ciencia que aplicamos en nuestros productos ha convencido a l\u00edderes de opini\u00f3n en todo el mundo.<\/p>\n<div id=\"r-1610041983250\" class=\"gf_row\" data-label=\"Row\" data-key=\"row\" data-icon=\"gpicon-row\" data-id=\"1610041983250\" data-extraclass=\"\">\n<div id=\"c-1610041996842\" class=\"gf_column gf_col-lg-6 gf_col-md-6 gf_col-xs-12 gf_col-sm-12\" data-id=\"1610041996842\">\n<div id=\"r-1610045237085\" class=\"gf_row\" data-label=\"Row\" data-key=\"row\" data-icon=\"gpicon-row\" data-id=\"1610045237085\" data-extraclass=\"\">\n<div id=\"c-1610045240729\" class=\"gf_column gf_col-lg-8 gf_col-md-9 gf_col-sm-9 gf_col-xs-8\" data-id=\"1610045240729\">\n<div id=\"e-1610729932117\" class=\"element-wrap\" data-label=\"Text Block\" data-key=\"text-block\" data-icon=\"gpicon-textblock\" data-ver=\"1\" data-id=\"1610729932117\">\n<div class=\"elm text-edit gf-elm-left gf-elm-left-lg gf-elm-left-md gf-elm-left-sm gf-elm-left-xs\" data-gemlang=\"en\" data-exc=\"\">\n<p>&#8220;<em>En The Royal Cl\u00ednic usamos de primera elecci\u00f3n Lasergen gracias a su poder de recuperaci\u00f3n y reparaci\u00f3n, obteniendo una gran satisfacci\u00f3n tanto del paciente como del m\u00e9dico. Lasergen ayuda a la regeneraci\u00f3n de los tejidos, d\u00e1ndoles hidrataci\u00f3n, nutrici\u00f3n y un aspecto rejuvenecedor en poco tiempo.<\/em>&#8221;<\/p>\n<\/div>\n<\/div>\n<\/div>\n<\/div>\n<\/div>\n<\/div>\n<\/div>\n<\/div>\n<\/div>\n<\/div>\n<\/div>\n<\/div>\n<\/div>\n<p><!--more--><\/p>\n<div class=\"elm text-edit gf-elm-left gf-elm-left-lg gf-elm-left-md gf-elm-left-sm gf-elm-left-xs\" data-exc=\"\">\n<h1 class=\"product_title entry-title\">Estudio Cl\u00ednico:<\/h1>\n<p>La imagen\u00a0 que mostramos a continuaci\u00f3n, muestra el aumento de col\u00e1geno, \u00e1cido hialur\u00f3nico y elastina en la piel de una voluntaria en solo 28 d\u00edas. Te presentamos los resultados del estudio y la firma del m\u00e9dico que los ha realizado:<\/p>\n<\/div>\n<div id=\"e-1610697740042\" class=\"element-wrap\" data-label=\"Text Block\" data-key=\"text-block\" data-icon=\"gpicon-textblock\" data-ver=\"1\" data-id=\"1610697740042\">\n<div class=\"elm text-edit gf-elm-left gf-elm-left-md gf-elm-left-sm gf-elm-left-xs gf-elm-left-lg\" data-gemlang=\"en\" data-exc=\"\">\n<ul>\n<li>Hospital: Instituto de Fotomedicina &#8211; Teknon.<\/li>\n<li>Dra. Maribel Mart\u00ed y Gabriel Buend\u00eda.<\/li>\n<li>Panel: 20 voluntarios entre 25 y 50 a\u00f1os.<\/li>\n<li>Duraci\u00f3n: 28 d\u00edas.<\/li>\n<li>Aplicaci\u00f3n: 2 veces diarias.<\/li>\n<\/ul>\n<p><strong>Resultados<\/strong>:<\/p>\n<ul>\n<li>Eficaz en el 90% de los voluntarios.<\/li>\n<li>Arrugas: Hasta 54% de reducci\u00f3n.<\/li>\n<li>Densidad de la piel: 51% de aumento.<\/li>\n<li>Hidrataci\u00f3n: Hasta 45% de aumento.<\/li>\n<li>Rojeces: 38% de reducci\u00f3n.<\/li>\n<li>Efecto antioxidante: 18% de aumento<\/li>\n<\/ul>\n<p><img loading=\"lazy\" decoding=\"async\" class=\"alignnone wp-image-2060 size-full\" src=\"https:\/\/idbella.com\/wp-content\/uploads\/2021\/10\/Lasergen-Clinica_3000x3000.jpg\" alt=\"\" width=\"536\" height=\"394\" \/><\/p>\n<\/div>\n<\/div>\n","protected":false},"excerpt":{"rendered":"<div id=\"e-1610105863681\" class=\"element-wrap\" data-label=\"Heading\" data-icon=\"gpicon-heading\" data-id=\"1610105863681\" data-vivaldi-spatnav-clickable=\"1\">\n<div class=\"elm text-edit gf-elm-left gf-elm-left-lg gf-elm-left-md gf-elm-left-sm gf-elm-left-xs\" data-exc=\"\">\n<p><strong><span style=\"font-size: 16px;\">\u00a1 Cuando prevenir ya no es suficiente !<\/span><\/strong><\/p>\n<\/div>\n<div id=\"m-1611072465637\" class=\"module-wrap\" data-label=\"Judge.me Reviews\" data-key=\"judge-reviews\" data-icon=\"gpicon-judge_reviews\" data-ver=\"1\" data-id=\"1611072465637\" data-compile=\"false\">\n<div class=\"module gf_module-left-lg gf_module-left-md gf_module-left-sm gf_module-left-xs \" data-color=\"#339999\" data-widget=\"badge\">\n<p style=\"text-align: justify;\">Los signos de la edad que ves en tu rostro son causados por un proceso natural y complejo. Para revertirlo no es suficiente con la cosm\u00e9tica convencional.<\/p>\n<p style=\"text-align: justify;\">Nos dedicamos a la investigaci\u00f3n biom\u00e9dica y disponemos de la ciencia para que te encante c\u00f3mo te ves cada d\u00eda.<\/p>\n<p style=\"text-align: justify;\">Esa es la ciencia que vas a encontrar en Lasergen, una crema que naci\u00f3 para recuperar pieles da\u00f1adas y que aplicada sobre piel sana consigue unos resultados que no pasan desapercibidos.<\/p>\n<p style=\"text-align: justify;\"><strong>Qu\u00e9 vas a notar.<\/strong><\/p>\n<p style=\"text-align: justify;\">Lo que han medido los estudios cl\u00ednicos (nuestros estudios son con medidas, no con encuestas) es que Lasergen supera el 50% de regeneraci\u00f3n de la piel, reduce arrugas, manchas y rojeces en cuesti\u00f3n de semanas y aumenta el volumen y la firmeza.<\/p>\n<p style=\"text-align: justify;\">Lo que vas a notar es una piel suave, lisa, uniforme, turgente, firme e hidratada. La piel que quieres para ti.<\/p>\n<p style=\"text-align: justify;\"><strong>C\u00f3mo es usarla.<\/strong><\/p>\n<p style=\"text-align: justify;\">Su textura es ligera, no-grasa y con punto de nutrici\u00f3n. Se absorbe muy r\u00e1pidamente, no deja brillos y mantiene una suave y confortable nutrici\u00f3n exterior.<\/p>\n<p style=\"text-align: justify;\"><strong>Es para ti si&#8230;<\/strong><\/p>\n<p style=\"text-align: justify;\">Observas signos de la edad que cada vez est\u00e1n m\u00e1s marcados a pesar de usar cremas antiedad. Notas la piel apagada, arrugas persistentes y flacidez.<\/p>\n<p style=\"text-align: justify;\">Tu piel es seca, mixta o normal. Tambi\u00e9n puede ser at\u00f3pica, sensible o reactiva.<\/p>\n<p style=\"text-align: justify;\">Edad. Al recomendar una crema no nos fijamos en la edad sino en el tipo de piel y su estado. Actuamos sobre la biolog\u00eda fundamental de la piel que es la misma siempre.<\/p>\n<p style=\"text-align: justify;\"><strong>Qu\u00e9 pasa si la pruebo y no me gusta.<\/strong><\/p>\n<p style=\"text-align: justify;\">Estamos convencidos de sus resultados y queremos que t\u00fa tambi\u00e9n lo est\u00e9s.<\/p>\n<p style=\"text-align: justify;\">Por eso te damos 60 d\u00edas para que la pruebes y si no te gusta la devuelves.<\/p>\n<ul>\n<li style=\"text-align: justify;\">No testado en animales<\/li>\n<li style=\"text-align: justify;\">Vegano<\/li>\n<\/ul>\n<\/div>\n<\/div>\n<\/div>\n<div id=\"e-1610697740042\" class=\"element-wrap\" data-label=\"Text Block\" data-key=\"text-block\" data-icon=\"gpicon-textblock\" data-ver=\"1\" data-id=\"1610697740042\">\n<div class=\"elm text-edit gf-elm-left gf-elm-left-md gf-elm-left-sm gf-elm-left-xs gf-elm-left-lg\" data-gemlang=\"en\" data-exc=\"\">\n<p>&nbsp;<\/p>\n<\/div>\n<\/div>\n","protected":false},"featured_media":253,"comment_status":"open","ping_status":"closed","template":"","meta":[],"product_cat":[24],"product_tag":[],"class_list":["post-223","product","type-product","status-publish","has-post-thumbnail","hentry","product_cat-tienda"],"_links":{"self":[{"href":"https:\/\/pos.idbella.com\/index.php\/wp-json\/wp\/v3\/product\/223","targetHints":{"allow":["GET"]}}],"collection":[{"href":"https:\/\/pos.idbella.com\/index.php\/wp-json\/wp\/v3\/product"}],"about":[{"href":"https:\/\/pos.idbella.com\/index.php\/wp-json\/wp\/v2\/types\/product"}],"replies":[{"embeddable":true,"href":"https:\/\/pos.idbella.com\/index.php\/wp-json\/wp\/v2\/comments?post=223"}],"wp:featuredmedia":[{"embeddable":true,"href":"https:\/\/pos.idbella.com\/index.php\/wp-json\/wp\/v2\/media\/253"}],"wp:attachment":[{"href":"https:\/\/pos.idbella.com\/index.php\/wp-json\/wp\/v2\/media?parent=223"}],"wp:term":[{"taxonomy":"product_cat","embeddable":true,"href":"https:\/\/pos.idbella.com\/index.php\/wp-json\/wp\/v2\/product_cat?post=223"},{"taxonomy":"product_tag","embeddable":true,"href":"https:\/\/pos.idbella.com\/index.php\/wp-json\/wp\/v2\/product_tag?post=223"}],"curies":[{"name":"wp","href":"https:\/\/api.w.org\/{rel}","templated":true}]}}