{"id":234,"date":"2022-11-29T16:43:29","date_gmt":"2022-11-29T16:43:29","guid":{"rendered":"https:\/\/factubella.laesquinacreativa.es\/?post_type=product&#038;p=234"},"modified":"2023-01-28T14:58:38","modified_gmt":"2023-01-28T14:58:38","slug":"cosmelan-home-pack","status":"publish","type":"product","link":"https:\/\/pos.idbella.com\/index.php\/product\/cosmelan-home-pack\/","title":{"rendered":"Cosmelan\u00ae home pack"},"content":{"rendered":"<h3>Descripci\u00f3n:<\/h3>\n<p>Pack domiciliario del m\u00e9todo cosmelan\u00ae. Contiene los productos para seguir la pauta domiciliaria del m\u00e9todo profesional cosmelan\u00ae y completar la acci\u00f3n despigmentante en la eliminaci\u00f3n y\/o reducci\u00f3n de las manchas de origen mel\u00e1nico. Aten\u00faa las manchas de forma cont\u00ednua y regula la sobreproducci\u00f3n de melanina para evitar su reaparici\u00f3n a largo plazo. El pack contiene:<\/p>\n<p>&#8211; cosmelan 2: crema facial para la reducci\u00f3n y\/o eliminaci\u00f3n de las manchas de origen mel\u00e1nico<\/p>\n<p>&#8211; melan recovery: b\u00e1lsamo con efecto calmante y recuperdor.<\/p>\n<p>&#8211; melan 130 pigment control: muy alta protecci\u00f3n solar con color.<!--more--><\/p>\n<h3>Modo de empleo:<\/h3>\n<p>\u00c9ste ser\u00e1 pautado \u00fanicamente por el profesional capacitado, tras valoraci\u00f3n de las necesidades de cada paciente tras el diagn\u00f3stico<\/p>\n","protected":false},"excerpt":{"rendered":"<div class=\"product-info-top\">\n<div class=\"product attribute plataforma\">\n<h3><span style=\"color: #808080;\">PIGMENT CONTROL SOLUTIONS<\/span><\/h3>\n<\/div>\n<\/div>\n<div class=\"product-info-main\">\n<div class=\"product-add-form\">\n<form id=\"product_addtocart_form\" action=\"https:\/\/www.mesoestetic.es\/checkout\/cart\/add\/uenc\/aHR0cHM6Ly93d3cubWVzb2VzdGV0aWMuZXMvY29zbWVsYW4taG9tZS1wYWNrLmh0bWw%2C\/product\/264\/\" method=\"post\" novalidate=\"novalidate\" data-product-sku=\"T-DPIG0004\">\n<div id=\"product-options-wrapper\" class=\"product-options-wrapper\"><\/div>\n<\/form>\n<\/div>\n<div class=\"product-social-links\">\n<div class=\"product__secure\">\n<div class=\"product-addto-links \" data-role=\"add-to-links\">Pack<\/div>\n<\/div>\n<\/div>\n<div class=\"product attribute overview\">\n<div class=\"value\">Pack domiciliario del m\u00e9todo cosmelan\u00ae. Contiene los productos para seguir la pauta domiciliaria del m\u00e9todo profesional cosmelan\u00ae y completar la acci\u00f3n despigmentante en la eliminaci\u00f3n y\/o reducci\u00f3n de las manchas de origen mel\u00e1nico.<\/div>\n<div>\n<div class=\"product-add-form\">\n<form id=\"product_addtocart_form\" action=\"https:\/\/www.mesoestetic.es\/checkout\/cart\/add\/uenc\/aHR0cHM6Ly93d3cubWVzb2VzdGV0aWMuZXMvY29zbWVsYW4taG9tZS1wYWNrLmh0bWw%2C\/product\/264\/\" method=\"post\" novalidate=\"novalidate\" data-product-sku=\"T-DPIG0004\">\n<div id=\"product-options-wrapper\" class=\"product-options-wrapper\">\n<div tabindex=\"0\"><\/div>\n<ul>\n<li class=\"fieldset\" tabindex=\"0\">certified seller<\/li>\n<\/ul>\n<\/div>\n<\/form>\n<\/div>\n<div class=\"product-social-links\">\n<div class=\"product__secure\">\n<div class=\"secure-text\">Aseg\u00farate de comprar siempre tus productos mesoestetic\u00ae en centros y distribuidores oficiales.<\/div>\n<div><\/div>\n<\/div>\n<\/div>\n<\/div>\n<\/div>\n<\/div>\n<p><!--more--><\/p>\n","protected":false},"featured_media":274,"comment_status":"open","ping_status":"closed","template":"","meta":[],"product_cat":[24],"product_tag":[],"class_list":["post-234","product","type-product","status-publish","has-post-thumbnail","hentry","product_cat-tienda"],"_links":{"self":[{"href":"https:\/\/pos.idbella.com\/index.php\/wp-json\/wp\/v3\/product\/234","targetHints":{"allow":["GET"]}}],"collection":[{"href":"https:\/\/pos.idbella.com\/index.php\/wp-json\/wp\/v3\/product"}],"about":[{"href":"https:\/\/pos.idbella.com\/index.php\/wp-json\/wp\/v2\/types\/product"}],"replies":[{"embeddable":true,"href":"https:\/\/pos.idbella.com\/index.php\/wp-json\/wp\/v2\/comments?post=234"}],"wp:featuredmedia":[{"embeddable":true,"href":"https:\/\/pos.idbella.com\/index.php\/wp-json\/wp\/v2\/media\/274"}],"wp:attachment":[{"href":"https:\/\/pos.idbella.com\/index.php\/wp-json\/wp\/v2\/media?parent=234"}],"wp:term":[{"taxonomy":"product_cat","embeddable":true,"href":"https:\/\/pos.idbella.com\/index.php\/wp-json\/wp\/v2\/product_cat?post=234"},{"taxonomy":"product_tag","embeddable":true,"href":"https:\/\/pos.idbella.com\/index.php\/wp-json\/wp\/v2\/product_tag?post=234"}],"curies":[{"name":"wp","href":"https:\/\/api.w.org\/{rel}","templated":true}]}}