{"id":239,"date":"2022-11-29T16:43:29","date_gmt":"2022-11-29T16:43:29","guid":{"rendered":"https:\/\/factubella.laesquinacreativa.es\/?post_type=product&#038;p=239"},"modified":"2022-12-19T19:04:09","modified_gmt":"2022-12-19T19:04:09","slug":"sport-sun-gel-spf-50-50-ml-1-69-fl-oz","status":"publish","type":"product","link":"https:\/\/pos.idbella.com\/index.php\/product\/sport-sun-gel-spf-50-50-ml-1-69-fl-oz\/","title":{"rendered":"SPORT SUN GEL SPF 50 50 ML ( 1.69 FL.OZ )"},"content":{"rendered":"<ul class=\"wld-tab-list wld-tab-list-II\">\n<li>Protecci\u00f3n\u00a0alta para fototipo de pieles a partir del tono\u00a0claro, que suelen quemarse ante la exposici\u00f3n solar y que broncean mal. Fototipos I y II.<\/li>\n<li>Tecnolog\u00eda 360\u00ba TOTAL PROTECCION: protege de los rayos UVB, UVA, HE VISIBLE, IR &amp; ANTIPOLUCI\u00d3N.\n<ul>\n<li>protege la piel de eritemas, manchas, fotoenvejecimiento, etc.<\/li>\n<li>reduce la formaci\u00f3n de radicales libres.<\/li>\n<li>bloquea la penetraci\u00f3n de los agentes contaminantes en la piel.<\/li>\n<li>refuerza y potencia el sistema de defensa natural de las c\u00e9lulas.<\/li>\n<li>reduce des\u00f3rdenes en la pigmentaci\u00f3n de la piel provocados por la luz azul.<\/li>\n<li>bloquea el 90% de especies reactivas de ox\u00edgeno (ROS).<\/li>\n<li>protege al ADN y otros componentes celulares.<\/li>\n<\/ul>\n<\/li>\n<li>Favorece un bronceado dorado y duradero.<\/li>\n<li>En contacto con el sudor y el agua no pica los ojos.<\/li>\n<li>Indicado para actividades al aire libre..<\/li>\n<li>Acabado seco. y tacto sedoso.<\/li>\n<li>Respect the ocean: los filtros ultravioletas pueden estar asociados a un tipo de contaminaci\u00f3n marina y por ello las formulaciones de la gama de fotoprotecci\u00f3n SUNAGE han sido concebidas para minimizar el impacto en el entorno marino<\/li>\n<li>Absorci\u00f3n: r\u00e1pida.<\/li>\n<li>Perfume: fragancia muy fresca mezcla de nota pomelo y frutos c\u00edtricos lim\u00f3n, naranja y mandarina.<\/li>\n<li>Textura: gel.<\/li>\n<li>Testado dermatol\u00f3gicamente.<\/li>\n<\/ul>\n<p><!--more--><\/p>\n<p>&nbsp;<\/p>\n","protected":false},"excerpt":{"rendered":"<h3><span style=\"color: #ffcc00;\">SUNAGE<\/span><\/h3>\n<p><span style=\"color: #333333;\">Bruma fotoprotectora corporal de c\u00f3moda aplicaci\u00f3n y r\u00e1pida absorci\u00f3n que aporta hidrataci\u00f3n y frescor a la piel. Indicada para todo tipo de pieles.<\/span><\/p>\n<p><span style=\"color: #333333;\"><br \/>\n<\/span>&#8211; Resistente a la arena<\/p>\n<p>&#8211; Eficaz sobre piel mojada<br \/>\n&#8211; Resistente al agua<\/p>\n<div>&#8211; Respect the Ocean<\/div>\n<div>&#8211; Testado dermatol\u00f3gicamente<\/div>\n<p><!--more--><\/p>\n<p>Combinaci\u00f3n entre filtros solares de amplio espectro UV y el activo BLUE Ol\u00e9oactif\u00ae: su composici\u00f3n de origen natural se basa en una mezcla de 3 tipos de arroz; blanco, rojo y negro obtenidos de manera sostenible.<!--more--><\/p>\n<h3>Modo de uso:<\/h3>\n<ol class=\"wld-tab-list wld-tab-list-II\">\n<li>Antes de usar la crema debes agitar el envase. Unos 20 o 30 minutos antes de la exposici\u00f3n solar, aplica una cantidad suficiente de\u00a0<strong>Gel Sport Sun SPF 30 Sunage Montibello<\/strong>\u00a0sobre la piel limpia y seca de forma uniforme.<\/li>\n<li>Durante la exposici\u00f3n solar, vuelve a usar\u00a0<strong>Gel Sport Sun SPF 50 Sunage Montibello<\/strong>. Repite\u00a0con frecuencia la aplicaci\u00f3n del producto, especialmente tras transpirar, ba\u00f1arte o secarte con la toalla.<\/li>\n<li>Recuerda que debes proteger la piel corpoal del sol. Puedes hacerlo con\u00a0Cooling Mist SPF 50+ Sunage Montibello\u00a0o bien con el aceite seco\u00a0Silky Dry Oil SPF 50 Sunage Montibello. El protector corporal tambi\u00e9n debe aplicarse 20 minutos antes de la exposici\u00f3n solar y durante ella, repitiendo su aplicaci\u00f3n cada 2 horas o tras una sudoraci\u00f3n y\/o ba\u00f1o.<\/li>\n<li>Tras la exposici\u00f3n solar, es conveniente que calmes la piel y la regeneres con el after sun\u00a0After Sun Lotion Sunage Montibello. Este producto se aplica tras la ducha y con la piel seca.<\/li>\n<\/ol>\n<p><!--more--><\/p>\n<p>&nbsp;<\/p>\n<h3>Composici\u00f3n:<\/h3>\n<ul class=\"wld-tab-list wld-tab-list-II\">\n<li><strong>BLUE Ol\u00e9oactif\u00ae<\/strong>: su composici\u00f3n de origen natural se basa en una mezcla de 3 tipos de arroz obtenidos de manera sostenible: blanco, rojo y negro.<\/li>\n<li><strong>Filtros solares<\/strong>: cuidadosamente seleccionados evaluando su biodegradabilidad que cubren un amplio espectro de protecci\u00f3n. Ninguno de ellos hidrosoluble evitando su impacto en el medio marino.<\/li>\n<li><strong>Ingredientes<\/strong>: Aqua, Ethylhexyl Methoxycinnamate, Propanediol, Diethylamino Hydroxybenzoyl Hexyl Benzoate, Dibutyl Adipate, Alcohol Denat., Glycerin, Dimethicone, HDI\/Trimethylol Hexyllactone Crosspolymer, Undecane, Sorbeth-30 Tetraisostearate, Tridecane, Bis-Ethylhexyloxyphenol Methoxyphenyl, Triazine, Acrylates\/Beheneth-25 Methacrylate, Copolymer, Alpha-Isomethyl Ionone, Aminomethyl Propanol, Ascorbic Acid, Ascorbyl Palmitate, Benzyl Salicylate, Citric Acid, Citronellol, Dipropylene Glycol, Disodium EDTA, Ethylhexylglycerin, Geraniol, Glycine Soja Oil, Hexyl Cinnamal, Hydroxycitronellal, Lactic Acid, Limonene, Linalool, Oryza Sativa Extract, Oryza Sativa Germ Extract, Parfum, PEG-8, Phenoxyethanol, Polyglyceryl-3 Diisostearate, Polymethyl Methacrylate, PPG-8-Ceteth-20, Silica, Sodium Hydroxide, Sodium Laureth Sulfate, Sorbitan Sesquiisostearate, Tocopherol, Trimethoxybenzylidene Pentanedione, Xanthan Gum.<\/li>\n<li>Protecci\u00f3n solar\u00a0<strong>SPF 50<\/strong>.<\/li>\n<\/ul>\n<p><!--more--><\/p>\n<p>&nbsp;<\/p>\n<p>&nbsp;<\/p>\n<p>&nbsp;<\/p>\n","protected":false},"featured_media":280,"comment_status":"open","ping_status":"closed","template":"","meta":[],"product_cat":[24],"product_tag":[],"class_list":["post-239","product","type-product","status-publish","has-post-thumbnail","hentry","product_cat-tienda"],"_links":{"self":[{"href":"https:\/\/pos.idbella.com\/index.php\/wp-json\/wp\/v3\/product\/239","targetHints":{"allow":["GET"]}}],"collection":[{"href":"https:\/\/pos.idbella.com\/index.php\/wp-json\/wp\/v3\/product"}],"about":[{"href":"https:\/\/pos.idbella.com\/index.php\/wp-json\/wp\/v2\/types\/product"}],"replies":[{"embeddable":true,"href":"https:\/\/pos.idbella.com\/index.php\/wp-json\/wp\/v2\/comments?post=239"}],"wp:featuredmedia":[{"embeddable":true,"href":"https:\/\/pos.idbella.com\/index.php\/wp-json\/wp\/v2\/media\/280"}],"wp:attachment":[{"href":"https:\/\/pos.idbella.com\/index.php\/wp-json\/wp\/v2\/media?parent=239"}],"wp:term":[{"taxonomy":"product_cat","embeddable":true,"href":"https:\/\/pos.idbella.com\/index.php\/wp-json\/wp\/v2\/product_cat?post=239"},{"taxonomy":"product_tag","embeddable":true,"href":"https:\/\/pos.idbella.com\/index.php\/wp-json\/wp\/v2\/product_tag?post=239"}],"curies":[{"name":"wp","href":"https:\/\/api.w.org\/{rel}","templated":true}]}}