{"id":247,"date":"2022-11-29T16:43:29","date_gmt":"2022-11-29T16:43:29","guid":{"rendered":"https:\/\/factubella.laesquinacreativa.es\/?post_type=product&#038;p=247"},"modified":"2022-12-19T19:17:25","modified_gmt":"2022-12-19T19:17:25","slug":"rosa-mosqueta-30-ml","status":"publish","type":"product","link":"https:\/\/pos.idbella.com\/index.php\/product\/rosa-mosqueta-30-ml\/","title":{"rendered":"Rosa Mosqueta 30 ml"},"content":{"rendered":"","protected":false},"excerpt":{"rendered":"<h3><span style=\"color: #ff9900;\">Rosa rubiginosa<\/span><\/h3>\n<p>El Aceite Vegetal Rosa Mosqueta Virgen de Terpenic se obtiene por presi\u00f3n en fr\u00edo de las semillas de una planta perteneciente a la familia de las Rosaceae. La rosa salvaje o Rosa rubiginosa. Su tonalidad puede variar de una amarillo p\u00e1lido a un naranja intenso. Cuanto mas color, ,as contenido de carotenos y vitaminas naturales posee. De aroma peculiar, este aceite es usado desde hace cientos de a\u00f1os. En su t\u00f3pico ofrece m\u00faltiples de beneficios mundialmente conocidos sobre la piel. Su composici\u00f3n destaca por un 40% de acido linoleico, vitaminas A, C y E y taninos. Esta composici\u00f3n le otorga propiedades regeneradoras, cicatrizantes y antioxidantes. Estimula la s\u00edntesis de col\u00e1gena y protege la piel ante la agresi\u00f3n de los radicales libres. Es un aceite vegetal muy indicado para pieles maduras, arrugas y cicatrices. Tambi\u00e9n se recomienda en caso de quemaduras, eczemas o ros\u00e1cea.<\/p>\n<p><!--more--><\/p>\n<h3 class=\"product-rich-descriptive-content-title\">Propiedades y beneficios de Aceite Vegetal Rosa Mosqueta Virgen<\/h3>\n<p>Estimula la renovaci\u00f3n celular, ideal para cicatrices y marcas de piel. Recupera la elasticidad y tono cut\u00e1neo.<\/p>\n<p>Funciona para el acn\u00e9, brillo y suavidad de la piel, cicatrices antiguas o recientes, eczema, psoriasis, golpes de sol, pieles secas, quemaduras y \u00falceras.<\/p>\n<h3 class=\"product-rich-descriptive-content-title\">Modo de uso:<\/h3>\n<p>Se recomienda usar de las siguiente forma:<\/p>\n<p>Uso externo<\/p>\n<p>Especialmente indicado en: antiarrugas, fotoenvejecimiento para pieles maduras. Tambi\u00e9n en quemaduras, cicatrices y marcas, lesiones d\u00e9rmicas superficiales.<\/p>\n<p>Muy utilizado en formulaciones m\u00e9dico-est\u00e9ticas y serums faciales y corporales.<\/p>\n<p>De absorci\u00f3n r\u00e1pida, protege la piel dej\u00e1ndola con una sensaci\u00f3n agradablemente suave y lisa. Apropiado para lociones, b\u00e1lsamos, cremas faciales, lociones para el cuerpo y b\u00e1lsamos labiales.<\/p>\n<h2 class=\"product-rich-descriptive-content-title\">Advertencias<\/h2>\n<p>Alergia a cualquiera de los componentes del producto. en caso de infecci\u00f3n aguda seg\u00fan criterio facultativo. mantener fuera del alcance y de la vista de los ni\u00f1os<\/p>\n<h3 class=\"product-rich-descriptive-content-title\">Composici\u00f3n:<\/h3>\n<p>Aceite de rosa mosqueta, Rosa mosqueta.<!--more--><\/p>\n<p>Indicaciones:<\/p>\n<p>-Aplicar unas gotas en cicatrices (heridas) recientes para ayudar a su cicatrizaci\u00f3n y suavizar su visibilidad.<\/p>\n<p>-Aplicar unas gotas a modo de serum por la noche para evitar el envejecimiento cut\u00e1neo<\/p>\n","protected":false},"featured_media":288,"comment_status":"open","ping_status":"closed","template":"","meta":[],"product_cat":[32,28,25],"product_tag":[],"class_list":["post-247","product","type-product","status-publish","has-post-thumbnail","hentry","product_cat-aceites-escenciales-vegetales","product_cat-cremas-corporales","product_cat-cremas-faciales"],"_links":{"self":[{"href":"https:\/\/pos.idbella.com\/index.php\/wp-json\/wp\/v3\/product\/247","targetHints":{"allow":["GET"]}}],"collection":[{"href":"https:\/\/pos.idbella.com\/index.php\/wp-json\/wp\/v3\/product"}],"about":[{"href":"https:\/\/pos.idbella.com\/index.php\/wp-json\/wp\/v2\/types\/product"}],"replies":[{"embeddable":true,"href":"https:\/\/pos.idbella.com\/index.php\/wp-json\/wp\/v2\/comments?post=247"}],"wp:featuredmedia":[{"embeddable":true,"href":"https:\/\/pos.idbella.com\/index.php\/wp-json\/wp\/v2\/media\/288"}],"wp:attachment":[{"href":"https:\/\/pos.idbella.com\/index.php\/wp-json\/wp\/v2\/media?parent=247"}],"wp:term":[{"taxonomy":"product_cat","embeddable":true,"href":"https:\/\/pos.idbella.com\/index.php\/wp-json\/wp\/v2\/product_cat?post=247"},{"taxonomy":"product_tag","embeddable":true,"href":"https:\/\/pos.idbella.com\/index.php\/wp-json\/wp\/v2\/product_tag?post=247"}],"curies":[{"name":"wp","href":"https:\/\/api.w.org\/{rel}","templated":true}]}}