{"id":250,"date":"2022-11-29T16:43:30","date_gmt":"2022-11-29T16:43:30","guid":{"rendered":"https:\/\/factubella.laesquinacreativa.es\/?post_type=product&#038;p=250"},"modified":"2022-12-19T18:56:18","modified_gmt":"2022-12-19T18:56:18","slug":"aceite-vegetal-virgen-de-almendra-dulce-250ml","status":"publish","type":"product","link":"https:\/\/pos.idbella.com\/index.php\/product\/aceite-vegetal-virgen-de-almendra-dulce-250ml\/","title":{"rendered":"Aceite Vegetal Virgen de Almendra Dulce 250ml"},"content":{"rendered":"","protected":false},"excerpt":{"rendered":"<h3><span style=\"color: #ff9900;\">Mandorla dolce<\/span><\/h3>\n<p>Aceite Vegetal Virgen de Almendra Dulce de Terpenic, recomendado para masajes, cuidado de todo tipo de pieles, pieles irritadas, secas o de beb\u00e9, eritemas, envejecimiento cut\u00e1neo, grietas y costra l\u00e1ctea.<!--more--><\/p>\n<h2 class=\"product-rich-descriptive-content-title\">Propiedades y beneficios de Aceite Vegetal Virgen de Almendra Dulce<\/h2>\n<p>Los \u00e1cidos grasos esenciales m\u00e1s abundantes son es \u00e1cido ol\u00e9ico y \u00e1cido linol\u00e9ico. En la parte insaponificable que obtenemos se encuentra vitaminas fundamentales como son vitaminas de grupo B, oligoelementos, fitoesteroles entre otros estigmasterol. Las propiedades de los fitoesteroles entre ellos el estigmasterol parece actuar de modo importante en los procesos de regulaci\u00f3n en los tejidos. Tambi\u00e9n est\u00e1n en estudio la actividad de los fitoesteroles para reducir el colesterol.<\/p>\n<p>El aceite de almendras se extrae de los frutos del Prunus Amigdalus Dulcis. El almendro puede alcanzar de 3 a 5 metros de altura. La recolecci\u00f3n de su fruto se realiza en Espa\u00f1a desde tiempos inmemoriales. Los procedimientos de obtenci\u00f3n son presi\u00f3n en fr\u00edo de las almendras recogidas. El aceite obtenido de color dorado brillante de gran calidad y rico en vitaminas del grupo B y minerales se enrancia r\u00e1pidamente con lo que recomendamos que durante la utilizaci\u00f3n se mantenga el envase una vez desprecintado en su envase original ,bien cerrado y protegido de la luz y fuentes de calor. Los \u00e1cidos grasos esenciales m\u00e1s abundantes son es \u00e1cido ol\u00e9ico y \u00e1cido linol\u00e9ico.<!--more--><\/p>\n<h2 class=\"product-rich-descriptive-content-title\">\u00bfC\u00f3mo aplicar Aceite Vegetal Virgen de Almendra Dulce?<\/h2>\n<p>Se recomienda para uso Oral: de consumo como parte de nuestra dieta equilibrada ya que aporta nutrientes esenciales. Tambi\u00e9n ayuda en el caso de estre\u00f1imiento y otros transtornos del tracto digestivo. Tener en cuenta su funci\u00f3n coadyuvante en dietas reductoras del colesterol.<\/p>\n<p>Se recomienda para aplicaciones externas: en cosm\u00e9tica, est\u00e9tica y formulaci\u00f3n natural y magistral. De propiedades en sus usos t\u00f3picos reconocidas como emoliente y nutritivo especialmente indicado en pieles secas y \u00e1speras (deshidratadas). Muy utilizada en los tratamientos capilares para dar fuerza, brillo y suavidad.<!--more--><\/p>\n<h2 class=\"product-rich-descriptive-content-title\">Composici\u00f3n<\/h2>\n<p>Aceite Vegetal Virgen de Almendra Dulce.<\/p>\n","protected":false},"featured_media":291,"comment_status":"open","ping_status":"closed","template":"","meta":[],"product_cat":[24],"product_tag":[],"class_list":["post-250","product","type-product","status-publish","has-post-thumbnail","hentry","product_cat-tienda"],"_links":{"self":[{"href":"https:\/\/pos.idbella.com\/index.php\/wp-json\/wp\/v3\/product\/250","targetHints":{"allow":["GET"]}}],"collection":[{"href":"https:\/\/pos.idbella.com\/index.php\/wp-json\/wp\/v3\/product"}],"about":[{"href":"https:\/\/pos.idbella.com\/index.php\/wp-json\/wp\/v2\/types\/product"}],"replies":[{"embeddable":true,"href":"https:\/\/pos.idbella.com\/index.php\/wp-json\/wp\/v2\/comments?post=250"}],"wp:featuredmedia":[{"embeddable":true,"href":"https:\/\/pos.idbella.com\/index.php\/wp-json\/wp\/v2\/media\/291"}],"wp:attachment":[{"href":"https:\/\/pos.idbella.com\/index.php\/wp-json\/wp\/v2\/media?parent=250"}],"wp:term":[{"taxonomy":"product_cat","embeddable":true,"href":"https:\/\/pos.idbella.com\/index.php\/wp-json\/wp\/v2\/product_cat?post=250"},{"taxonomy":"product_tag","embeddable":true,"href":"https:\/\/pos.idbella.com\/index.php\/wp-json\/wp\/v2\/product_tag?post=250"}],"curies":[{"name":"wp","href":"https:\/\/api.w.org\/{rel}","templated":true}]}}