{"id":296,"date":"2022-11-29T16:43:38","date_gmt":"2022-11-29T16:43:38","guid":{"rendered":"https:\/\/factubella.laesquinacreativa.es\/?post_type=product&#038;p=296"},"modified":"2022-12-19T18:52:14","modified_gmt":"2022-12-19T18:52:14","slug":"espuma-limpiadora-kelaya","status":"publish","type":"product","link":"https:\/\/pos.idbella.com\/index.php\/product\/espuma-limpiadora-kelaya\/","title":{"rendered":"Espuma limpiadora KELAYA"},"content":{"rendered":"<p>&nbsp;<\/p>\n<p><strong>Principios activos<\/strong><\/p>\n<ul>\n<li><strong>Extracto de Boswelia Serrata<\/strong>. Propiedades calmantes: alivia picores y disminuye el estr\u00e9s producido por factores externos como radiaci\u00f3n UV, contaminaci\u00f3n&#8230;<\/li>\n<li><strong>Aceite de \u00e1rbol del t\u00e9<\/strong>.\u00a0Regula la microbiota de la piel.<\/li>\n<\/ul>\n<p><strong>Modo de empleo<\/strong><\/p>\n<ul>\n<li>Aplicar con las manos sobre la superficie de la piel y emulsionar con el maquillaje o la poluci\u00f3n.<\/li>\n<li>Retirar completamente con la ayuda de una toalla h\u00fameda y agua.<\/li>\n<\/ul>\n<p><strong>Ingredientes<\/strong><\/p>\n<p>Aqua (Water), Glycerin, Decyl Glucoside, PEG-7 Glyceryl Cocoate, Disodium Cocoamphodiacetate, Cocamide DEA, PEG-40 Hydrogenated Castor Oil, Melaleuca Alternifolia Leaf Oil, Cocamidopropyl Betaine, Citrus Aurantifolia Juice, Citrus Aurantifolia Peel Extract, Citrus Limon Juice Powder, Boswellia Serrata Gum, Rosmarinus Officinalis Extract, Poloxamer 184, BHT, Dipropylene Glycol, Tetrasodium EDTA, Maltodextrin, Sodium Chloride, Sodium Glycolate, Phenethyl Alcohol, Ethylhexylglycerin, Lactic acid.<\/p>\n<p><strong>F\u00d3RMULA TRANSPARENTE<\/strong><\/p>\n<p>Agua, glicerina vegetal (humectante), decil glucosido (surfactante\u2013limpiador), reengrasante, cocoamfodiacetato dis\u00f3dico (tensioactivo), dietanolamida de coco (espesante), emoliente derivado \u00a0del aceite de ricino, aceite de \u00e1rbol del t\u00e9 (activo), \u00a0cocamidopropil beta\u00edna (tensioactivo), juego de c\u00edtricos aurantifolia (acondicionador de la piel), extracto de c\u00e1scara de c\u00edtricos aurantifolia (acondicionador de la piel), juego de c\u00edtricos lim\u00f3n en polvo (t\u00f3nico), goma Boswellia Serrata (formaci\u00f3n de pel\u00edcula), extracto de romero, poloxamero 184 (surfactante\u2013limpiador), BHT (antioxidante), dipropilenglicol (controlador de la viscosidad), agente quelante, maltodextrina (estabilizante), cloruro s\u00f3dico (espesante), glicolato de sodio (tamp\u00f3n), alcohol fenet\u00edlico (fragancia), etilhexiglicerina (acondicionador), \u00e1cido l\u00e1ctico (acondicionador y regulador de pH).<\/p>\n","protected":false},"excerpt":{"rendered":"<div class=\"col-md-7\">\n<div>\n<h1>Mousse facial limpiadora<\/h1>\n<\/div>\n<\/div>\n<div class=\"col-md-6\"><\/div>\n<div class=\"col-md-6\">\n<div>\n<p>Con aceite de \u00e1rbol del t\u00e9 y extracto de Boswelia Serrata<\/p>\n<div>\n<p>Mousse limpiadora de uso diario que elimina las impurezas, el exceso de grasa y los restos de maquillaje.<\/p>\n<p>Su combinaci\u00f3n de activos como el aceite de \u00e1rbol del t\u00e9 y el extracto de Boswelia Serrata proporciona propiedades calmantes y antioxidantes.<\/p>\n<p>La naturaleza exfoliante del \u00e1cido l\u00e1ctico estimula la regeneraci\u00f3n de las c\u00e9lulas de la piel para activar la s\u00edntesis de col\u00e1geno.<\/p>\n<p>Su f\u00f3rmula garantiza un resultado perfecto: hidrataci\u00f3n y luminosidad para una piel m\u00e1s limpia y sedosa.<\/p>\n<\/div>\n<div class=\"options\">\n<div id=\"option-11815\" class=\"option\">\n<p><b>Tama\u00f1os disponibles:<\/b><\/p>\n<ul>\n<li>200 ml<\/li>\n<\/ul>\n<\/div>\n<\/div>\n<\/div>\n<\/div>\n","protected":false},"featured_media":305,"comment_status":"open","ping_status":"closed","template":"","meta":[],"product_cat":[24],"product_tag":[],"class_list":["post-296","product","type-product","status-publish","has-post-thumbnail","hentry","product_cat-tienda"],"_links":{"self":[{"href":"https:\/\/pos.idbella.com\/index.php\/wp-json\/wp\/v3\/product\/296","targetHints":{"allow":["GET"]}}],"collection":[{"href":"https:\/\/pos.idbella.com\/index.php\/wp-json\/wp\/v3\/product"}],"about":[{"href":"https:\/\/pos.idbella.com\/index.php\/wp-json\/wp\/v2\/types\/product"}],"replies":[{"embeddable":true,"href":"https:\/\/pos.idbella.com\/index.php\/wp-json\/wp\/v2\/comments?post=296"}],"wp:featuredmedia":[{"embeddable":true,"href":"https:\/\/pos.idbella.com\/index.php\/wp-json\/wp\/v2\/media\/305"}],"wp:attachment":[{"href":"https:\/\/pos.idbella.com\/index.php\/wp-json\/wp\/v2\/media?parent=296"}],"wp:term":[{"taxonomy":"product_cat","embeddable":true,"href":"https:\/\/pos.idbella.com\/index.php\/wp-json\/wp\/v2\/product_cat?post=296"},{"taxonomy":"product_tag","embeddable":true,"href":"https:\/\/pos.idbella.com\/index.php\/wp-json\/wp\/v2\/product_tag?post=296"}],"curies":[{"name":"wp","href":"https:\/\/api.w.org\/{rel}","templated":true}]}}