{"id":297,"date":"2022-11-29T16:43:38","date_gmt":"2022-11-29T16:43:38","guid":{"rendered":"https:\/\/factubella.laesquinacreativa.es\/?post_type=product&#038;p=297"},"modified":"2022-12-19T18:54:21","modified_gmt":"2022-12-19T18:54:21","slug":"crema-facial-brc-15","status":"publish","type":"product","link":"https:\/\/pos.idbella.com\/index.php\/product\/crema-facial-brc-15\/","title":{"rendered":"Crema facial BRC 15"},"content":{"rendered":"<p><strong>Principio activo<\/strong><\/p>\n<div class=\"tab-content\">\n<div id=\"0\" class=\"fade in tab-pane active\" role=\"tabpanel\">\n<ul>\n<li><strong>BRC<\/strong>.\u00a0Activo biol\u00f3gico natural compuesto por un c\u00f3ctel genuino de mol\u00e9culas activas con potente acci\u00f3n antioxidante y reconstituyente de la matriz celular. Con propiedades calmantes y antioxidantes.<\/li>\n<li><strong>Polifenoles naturales<\/strong>.\u00a0Reducen los signos del envejecimiento y combaten los efectos del estr\u00e9s provocado por los rayos UV.<\/li>\n<li><strong>Polisac\u00e1ridos<\/strong>. Minimizan la apariencia de las l\u00edneas de expresi\u00f3n proporcionando efecto lifting.<\/li>\n<\/ul>\n<p><strong>Modo de empleo<\/strong><\/p>\n<p>Aplicar dos o tres veces al d\u00eda con un suave masaje hasta su absorci\u00f3n.<\/p>\n<p><strong>INGREDIENTES<\/strong><\/p>\n<p>Aqua (Water), Snail Secretion Filtrate, Glyceryl Stearate, Cetyl Alcohol, Caprylic\/Capric Triglyceride, Propanediol, Hydrogenated Polydecene, Ceteareth-25, Stearic Acid, Ceteareth-6, Paraffinum Liquidum, Oleyl Lactate, Dimethicone, Lanolin Alcohol, Citrus Aurantifolia Juice, Citrus Aurantifolia Peel Extract, Citrus Limon Juice Powder, Rosmarinus Officinalis Extract, Maltodextrin, Octyldodecanol, Stearyl Alcohol, Allantoin, Bisabolol, Carbomer, Pentasodium Pentetate, Pentylene Glycol, Caprylyl Glycol, Decylene Glycol, Triethanolamine, Farnesol.<\/p>\n<p><strong>F\u00d3RMULA TRANSPARENTE<\/strong><\/p>\n<p>Agua, filtrado de secreci\u00f3n de caracol (acondicionador de la piel), estearato de glicerilo (emoliente), alcohol cet\u00edlico (agente de consistencia), derivados de aceite de coco y glicerina (hidratante y emoliente), Propanediol (humectante de origen natural), polideceno hidrogenado (emoliente), alcohol etoxilado (emulsionante), \u00e1cido este\u00e1rico (agente de consistencia), alcohol etoxilado (emulsionante), aceite mineral (emoliente), lactato de oleilo (acondicionador de la piel, emoliente), dimeticona (emoliente), lanolina derivada (acondicionador de piel y cabello),\u00a0juego de c\u00edtricos aurantifolia (acondicionador de la piel), extracto de c\u00e1scara de c\u00edtricos aurantifolia (acondicionador de la piel), juego de c\u00edtricos lim\u00f3n en polvo (t\u00f3nico), extracto de romero, maltodextrina (estabilizante), octildodecanol (emoliente), \u00e1cido este\u00e1rico (agente de consistencia), alanto\u00edna (acondicionador cut\u00e1neo), bisabolol (activo calmante), carb\u00f3mero (control de viscosidad), pentetato pentas\u00f3dico (quelante), Pentilenglicol, agente del cuidado de la piel (acondicionador), Caprilil Glicol (acondicionador), Decileno Glicol (acondicionador de la piel), trietanolamina (regulador de ph), farnesol (componente del perfume).<\/p>\n<\/div>\n<\/div>\n","protected":false},"excerpt":{"rendered":"<div class=\"col-md-7\">\n<div>\n<h1>Crema facial BRC<\/h1>\n<\/div>\n<\/div>\n<div class=\"col-md-6\"><\/div>\n<div class=\"col-md-6\">\n<div>\n<p>Tratamiento bioregenerador<\/p>\n<div>\n<p>Crema facial de reparaci\u00f3n intensa que prolonga la juventud de la piel mejorando su hidrataci\u00f3n y firmeza.<\/p>\n<p>Repara y protege gracias a su mezcla \u00fanica de activos biol\u00f3gicos, como el concentrado BRC, que penetra en la dermis para un efecto regenerador profundo en pieles con problemas.<\/p>\n<p>La acci\u00f3n de los polifenoles act\u00faa como un antioxidante y prebi\u00f3tico natural para proteger la piel frente a infecciones bacterianas y tumores.<\/p>\n<p>La fusi\u00f3n de \u00e1cido hialur\u00f3nico y vitamina C le confieren un poder reafirmante para revelar una piel m\u00e1s lisa y tersa. Crema rica en prote\u00ednas y polisac\u00e1ridos.<\/p>\n<\/div>\n<div class=\"options\">\n<div id=\"option-12112\" class=\"option\">\n<p><b>Tama\u00f1os disponibles:<\/b><\/p>\n<ul>\n<li>100 ml<\/li>\n<\/ul>\n<\/div>\n<\/div>\n<\/div>\n<\/div>\n","protected":false},"featured_media":306,"comment_status":"open","ping_status":"closed","template":"","meta":[],"product_cat":[24],"product_tag":[],"class_list":["post-297","product","type-product","status-publish","has-post-thumbnail","hentry","product_cat-tienda"],"_links":{"self":[{"href":"https:\/\/pos.idbella.com\/index.php\/wp-json\/wp\/v3\/product\/297","targetHints":{"allow":["GET"]}}],"collection":[{"href":"https:\/\/pos.idbella.com\/index.php\/wp-json\/wp\/v3\/product"}],"about":[{"href":"https:\/\/pos.idbella.com\/index.php\/wp-json\/wp\/v2\/types\/product"}],"replies":[{"embeddable":true,"href":"https:\/\/pos.idbella.com\/index.php\/wp-json\/wp\/v2\/comments?post=297"}],"wp:featuredmedia":[{"embeddable":true,"href":"https:\/\/pos.idbella.com\/index.php\/wp-json\/wp\/v2\/media\/306"}],"wp:attachment":[{"href":"https:\/\/pos.idbella.com\/index.php\/wp-json\/wp\/v2\/media?parent=297"}],"wp:term":[{"taxonomy":"product_cat","embeddable":true,"href":"https:\/\/pos.idbella.com\/index.php\/wp-json\/wp\/v2\/product_cat?post=297"},{"taxonomy":"product_tag","embeddable":true,"href":"https:\/\/pos.idbella.com\/index.php\/wp-json\/wp\/v2\/product_tag?post=297"}],"curies":[{"name":"wp","href":"https:\/\/api.w.org\/{rel}","templated":true}]}}