{"id":298,"date":"2022-11-29T16:43:38","date_gmt":"2022-11-29T16:43:38","guid":{"rendered":"https:\/\/factubella.laesquinacreativa.es\/?post_type=product&#038;p=298"},"modified":"2022-12-19T18:53:14","modified_gmt":"2022-12-19T18:53:14","slug":"crema-facial-fotoprotectora-con-brc","status":"publish","type":"product","link":"https:\/\/pos.idbella.com\/index.php\/product\/crema-facial-fotoprotectora-con-brc\/","title":{"rendered":"Crema facial fotoprotectora con BRC"},"content":{"rendered":"<p><strong>Principios activos<\/strong><\/p>\n<ul>\n<li><strong>\u00c1cido hialur\u00f3nico<\/strong>. Agente hidratante que combate los signos visibles del envejecimiento, como l\u00edneas de expresi\u00f3n y arrugas.<\/li>\n<li><strong>Vitamina E<\/strong>. Destaca por su poder antioxidante. Retrasa el envejecimiento prematuro, retardando el deterioro de las c\u00e9lulas de la piel y la aparici\u00f3n de las arrugas en la piel.<\/li>\n<li><strong>Polifenoles naturales<\/strong>. Reducen los signos del envejecimiento y combaten los efectos del estr\u00e9s provocado por los rayos UV.<\/li>\n<li><strong>Polisac\u00e1ridos<\/strong>. Minimizan la apariencia de las l\u00edneas de expresi\u00f3n proporcionando efecto lifting.<\/li>\n<\/ul>\n<p><strong>Modo de empleo<\/strong><\/p>\n<p>Aplicar uniformemente sobre el rostro con la piel limpia.<\/p>\n<p><strong>INGREDIENTES<\/strong><\/p>\n<p>Aqua (Water), Ethylhexyl Methoxycinnamate, Polymethyl Methacrylate, Ethylhexyl Salicylate, Butylene Glycol, Dimethicone, Butyl Methoxydibenzoylmethane, PEG-8, Titanium Dioxide (nano), Bis-Ethylhexyloxyphenol Methoxyphenyl Triazine, Propylene Glycol, Octocrylene, Polysilicone-15, Citrus Aurantifolia Juice, Snail Secretion Filtrate, Citrus Aurantifolia Peel Extract, Citrus Limon Juice Powder, Rosmarinus Officinalis Extract, Maltodextrin, Silica, Tocopheryl Acetate, Pentylene Glycol, Caprylyl Glycol, Decylene Glycol, Acrylates\/C10-30 Alkyl Acrylate Crosspolymer, Triethanolamine, Xanthan Gum, BHT, Tetrasodium EDTA.<\/p>\n<p><strong>F\u00d3RMULA TRANSPARENTE<\/strong><\/p>\n<p>Agua, metoxicinamato de Etilhexilo (filtro UV), polimetacrilato de metilo (formaci\u00f3n de pel\u00edcula), salicilato de Etilhexilo (filtro UV), butilenglicol (humectante), dimeticona (emoliente), metoxidibenzoilmetano de butilo (filtro UV), Polietilenglicol (humectante), di\u00f3xido de titanio (opacificante), Bis-Etilhexiloxifenol Metoxifenil Triazina (filtro UV), Propileneglicol (humectante), octocrileno (filtro UV), Polisilicona \u2013 15 (filtro UV), juego de c\u00edtricos aurantifolia (acondicionador de la piel), extracto de c\u00e1scara de c\u00edtricos aurantifolia (acondicionador de la piel), juego de c\u00edtricos lim\u00f3n en polvo (t\u00f3nico), extracto de romero, maltodextrina (estabilizante), di\u00f3xido de silicio (opacificante), vitamina E (antioxidante), Pentilenglicol, agente del cuidado de la piel (acondicionador), Caprilil Glicol (acondicionador), Decileno Glicol (acondicionador de la piel), Acrilatos\/C10-30 cruz pol\u00edmero de acrilato de alquilo (control de viscosidad), trietanolamina (regulador de Ph), goma xantana (espesante), BHT (antioxidante), agente quelante.<\/p>\n<p>&nbsp;<\/p>\n<p>&nbsp;<\/p>\n","protected":false},"excerpt":{"rendered":"<div class=\"col-md-7\">\n<div>\n<h1>Crema facial fotoprotectora con BRC<\/h1>\n<\/div>\n<\/div>\n<div class=\"col-md-6\"><\/div>\n<div class=\"col-md-6\">\n<div>\n<p>FPS 50+ \/ Protecci\u00f3n muy alta<\/p>\n<div>\n<p>Crema facial de textura sedosa con protecci\u00f3n FPS 50+.<\/p>\n<p>Combate los signos de envejecimiento y corrige el tono de la piel para otorgar un aspecto m\u00e1s luminoso gracias a un complejo de activos correctores dermatol\u00f3gicos: \u00e1cido hialur\u00f3nico, vitamina E y polifenoles.<\/p>\n<p>El activo biol\u00f3gico natural concentrado BRC limita los da\u00f1os en la piel inducidos por los rayos UVB\/UVA y la protege del estr\u00e9s oxidativo.<\/p>\n<p>Hidrataci\u00f3n profunda. Crema rica en prote\u00ednas y polisac\u00e1ridos.<\/p>\n<\/div>\n<div class=\"options\">\n<div id=\"option-12111\" class=\"option\">\n<p><b>Factor Protecci\u00f3n Solar:<\/b><\/p>\n<ul>\n<li>FPS 50+<\/li>\n<\/ul>\n<\/div>\n<div id=\"option-11788\" class=\"option\">\n<p><b>Tama\u00f1os disponibles:<\/b><\/p>\n<ul>\n<li>50 ml<\/li>\n<\/ul>\n<\/div>\n<\/div>\n<\/div>\n<\/div>\n","protected":false},"featured_media":307,"comment_status":"open","ping_status":"closed","template":"","meta":[],"product_cat":[24],"product_tag":[],"class_list":["post-298","product","type-product","status-publish","has-post-thumbnail","hentry","product_cat-tienda"],"_links":{"self":[{"href":"https:\/\/pos.idbella.com\/index.php\/wp-json\/wp\/v3\/product\/298","targetHints":{"allow":["GET"]}}],"collection":[{"href":"https:\/\/pos.idbella.com\/index.php\/wp-json\/wp\/v3\/product"}],"about":[{"href":"https:\/\/pos.idbella.com\/index.php\/wp-json\/wp\/v2\/types\/product"}],"replies":[{"embeddable":true,"href":"https:\/\/pos.idbella.com\/index.php\/wp-json\/wp\/v2\/comments?post=298"}],"wp:featuredmedia":[{"embeddable":true,"href":"https:\/\/pos.idbella.com\/index.php\/wp-json\/wp\/v2\/media\/307"}],"wp:attachment":[{"href":"https:\/\/pos.idbella.com\/index.php\/wp-json\/wp\/v2\/media?parent=298"}],"wp:term":[{"taxonomy":"product_cat","embeddable":true,"href":"https:\/\/pos.idbella.com\/index.php\/wp-json\/wp\/v2\/product_cat?post=298"},{"taxonomy":"product_tag","embeddable":true,"href":"https:\/\/pos.idbella.com\/index.php\/wp-json\/wp\/v2\/product_tag?post=298"}],"curies":[{"name":"wp","href":"https:\/\/api.w.org\/{rel}","templated":true}]}}